it of 18721082?
2
What is the tens digit of 4672517?
1
What is the ten thousands digit of 36260748?
6
What is the tens digit of 84604?
0
What is the thousands digit of 281284?
1
What is the thousands digit of 14591196?
1
What is the units digit of 12955586?
6
What is the units digit of 7929395?
5
What is the hundreds digit of 96167?
1
What is the ten thousands digit of 799765?
9
What is the thousands digit of 8867847?
7
What is the tens digit of 2658327?
2
What is the ten thousands digit of 2223433?
2
What is the hundreds digit of 1906484?
4
What is the ten thousands digit of 86496?
8
What is the thousands digit of 63848?
3
What is the thousands digit of 13524155?
4
What is the units digit of 1846517?
7
What is the hundred thousands digit of 135044?
1
What is the hundreds digit of 747016?
0
What is the tens digit of 1424119?
1
What is the ten thousands digit of 7678263?
7
What is the hundreds digit of 394275?
2
What is the units digit of 7271296?
6
What is the millions digit of 5809312?
5
What is the thousands digit of 408289?
8
What is the tens digit of 2487080?
8
What is the ten thousands digit of 5796231?
9
What is the millions digit of 12798506?
2
What is the hundreds digit of 5721131?
1
What is the hundred thousands digit of 127132?
1
What is the hundreds digit of 5113711?
7
What is the hundred thousands digit of 3824567?
8
What is the ten thousands digit of 225930?
2
What is the hundreds digit of 235171?
1
What is the hundreds digit of 513677?
6
What is the units digit of 407093?
3
What is the tens digit of 398532?
3
What is the units digit of 3427331?
1
What is the thousands digit of 16146475?
6
What is the hundreds digit of 14804556?
5
What is the hundreds digit of 688815?
8
What is the units digit of 40983?
3
What is the hundreds digit of 2661833?
8
What is the ten thousands digit of 17985376?
8
What is the ten thousands digit of 17654842?
5
What is the ten thousands digit of 110834?
1
What is the ten thousands digit of 119366?
1
What is the ten thousands digit of 147428?
4
What is the millions digit of 1603295?
1
What is the thousands digit of 6387577?
7
What is the hundred thousands digit of 133888?
1
What is the units digit of 154437?
7
What is the hundred thousands digit of 6928184?
9
What is the ten thousands digit of 5591476?
9
What is the ten thousands digit of 88964?
8
What is the thousands digit of 201029?
1
What is the hundreds digit of 15124429?
4
What is the hundred thousands digit of 2090606?
0
What is the units digit of 15897?
7
What is the ten thousands digit of 7242588?
4
What is the thousands digit of 3296628?
6
What is the tens digit of 196736?
3
What is the hundred thousands digit of 27648879?
6
What is the tens digit of 1468015?
1
What is the hundred thousands digit of 7558322?
5
What is the hundred thousands digit of 491319?
4
What is the ten millions digit of 23953866?
2
What is the hundred thousands digit of 3089235?
0
What is the tens digit of 729436?
3
What is the thousands digit of 332285?
2
What is the units digit of 25877665?
5
What is the tens digit of 2107770?
7
What is the millions digit of 3805643?
3
What is the thousands digit of 481523?
1
What is the units digit of 430822?
2
What is the thousands digit of 34160622?
0
What is the tens digit of 12259350?
5
What is the hundreds digit of 6525045?
0
What is the units digit of 6514662?
2
What is the hundreds digit of 247909?
9
What is the tens digit of 604541?
4
What is the thousands digit of 454846?
4
What is the millions digit of 24042292?
4
What is the thousands digit of 1019327?
9
What is the hundreds digit of 1145215?
2
What is the hundreds digit of 2909270?
2
What is the tens digit of 555201?
0
What is the units digit of 20375?
5
What is the hundreds digit of 318983?
9
What is the units digit of 358483?
3
What is the hundred thousands digit of 1461086?
4
What is the ten millions digit of 16452212?
1
What is the units digit of 296268?
8
What is the hundred thousands digit of 1427683?
4
What is the hundreds digit of 29424?
4
What is the millions digit of 4833176?
4
What is the units digit of 327017?
7
What is the ten thousands digit of 78771?
7
What is the tens digit of 80048?
4
What is the ten millions digit of 10033608?
1
What is the tens digit of 7266894?
9
What is the hundred thousands digit of 1375595?
3
What is the thousands digit of 962020?
2
What is the ten millions digit of 10723804?
1
What is the hundreds digit of 3182489?
4
What is the hundreds digit of 231239?
2
What is the ten thousands digit of 8443164?
4
What is the millions digit of 2214874?
2
What is the tens digit of 22323?
2
What is the hundred thousands digit of 171751?
1
What is the ten thousands digit of 54059?
5
What is the thousands digit of 164969?
4
What is the hundred thousands digit of 2310279?
3
What is the thousands digit of 6923022?
3
What is the ten thousands digit of 867632?
6
What is the hundred thousands digit of 532453?
5
What is the hundreds digit of 91608?
6
What is the hundred thousands digit of 13229372?
2
What is the thousands digit of 453252?
3
What is the units digit of 726255?
5
What is the units digit of 827784?
4
What is the tens digit of 19742737?
3
What is the hundred thousands digit of 127325?
1
What is the tens digit of 1880310?
1
What is the ten thousands digit of 5731446?
3
What is the hundreds digit of 7595227?
2
What is the hundred thousands digit of 103950?
1
What is the thousands digit of 1567779?
7
What is the hundred thousands digit of 572093?
5
What is the units digit of 2036785?
5
What is the thousands digit of 167236?
7
What is the millions digit of 4038569?
4
What is the thousands digit of 5923508?
3
What is the hundreds digit of 160113?
1
What is the millions digit of 4707877?
4
What is the units digit of 8023269?
9
What is the thousands digit of 2734261?
4
What is the thousands digit of 5341309?
1
What is the ten thousands digit of 20333299?
3
What is the units digit of 528897?
7
What is the tens digit of 703172?
7
What is the thousands digit of 1628333?
8
What is the units digit of 1673420?
0
What is the units digit of 2012415?
5
What is the units digit of 714530?
0
What is the tens digit of 22330141?
4
What is the millions digit of 1937586?
1
What is the tens digit of 288861?
6
What is the thousands digit of 365621?
5
What is the millions digit of 3537563?
3
What is the ten thousands digit of 469136?
6
What is the units digit of 3438136?
6
What is the ten thousands digit of 25002559?
0
What is the thousands digit of 17097475?
7
What is the tens digit of 1267785?
8
What is the hundreds digit of 120197?
1
What is the units digit of 793129?
9
What is the thousands digit of 1152364?
2
What is the hundred thousands digit of 191128?
1
What is the hundreds digit of 145245?
2
What is the hundred thousands digit of 7181984?
1
What is the ten millions digit of 18424341?
1
What is the ten thousands digit of 860101?
6
What is the hundreds digit of 10394477?
4
What is the tens digit of 136510?
1
What is the hundreds digit of 3742034?
0
What is the tens digit of 2893067?
6
What is the hundred thousands digit of 939091?
9
What is the hundreds digit of 829163?
1
What is the ten thousands digit of 7095411?
9
What is the ten millions digit of 17994043?
1
What is the thousands digit of 3400200?
0
What is the units digit of 9865178?
8
What is the units digit of 531065?
5
What is the hundreds digit of 24849?
8
What is the ten thousands digit of 145577?
4
What is the hundred thousands digit of 4946179?
9
What is the tens digit of 1444?
4
What is the thousands digit of 223174?
3
What is the hundreds digit of 2811830?
8
What is the tens digit of 4902305?
0
What is the hundreds digit of 2503955?
9
What is the ten thousands digit of 33166886?
6
What is the hundreds digit of 4531390?
3
What is the hundred thousands digit of 1515284?
5
What is the millions digit of 3061981?
3
What is the hundreds digit of 17670683?
6
What is the units digit of 509275?
5
What is the ten thousands digit of 9655098?
5
What is the tens digit of 174625?
2
What is the hundreds digit of 2058801?
8
What is the units digit of 162090?
0
What is the units digit of 2571614?
4
What is the hundreds digit of 85502?
5
What is the hundreds digit of 4089719?
7
What is the hundred thousands digit